= 40 - 36. What is the remainder when v is divided by 1?
0
Suppose -q - 1 = -3. Let b = 283 + -278. Calculate the remainder when b is divided by q.
1
Suppose v = 4 - 0, -h + 21 = 3*v. Calculate the remainder when 30 + 9*2/6 is divided by h.
6
Let p(g) = -g**3 - 8*g**2 - 8*g + 3. What is the remainder when 28 is divided by p(-7)?
8
Suppose -5*m + 3*b + 0*b + 10 = 0, 3*b - 15 = 0. Calculate the remainder when 3/2 + 84/8 is divided by m.
2
Let f = -164 + 230. Let m(r) = -r**3 + 7*r**2 + 11*r - 7. Calculate the remainder when f is divided by m(8).
15
Let t = -5 - -10. Suppose 0*j - t*j - 10 = 0. Calculate the remainder when 1 - (-1)/(j/(-12)) is divided by 4.
3
Let j = -3 + 9. Let b(l) = 2*l**2 + 3*l - 5. Calculate the remainder when b(-4) is divided by j.
3
Suppose 0 = 3*p - 48 - 15. Let z = p - -24. What is the remainder when z is divided by 16?
13
Suppose 3*g - g + 2*j = 28, -j = -1. What is the remainder when g is divided by 3?
1
Let y(p) = -p**3 - p**2 + 20. Let s be y(0). What is the remainder when 404/s - (-2)/(-10) is divided by (-11)/((2/(-2))/1)?
9
Let q(d) = d**2 - 9*d + 11. Let w be q(8). Let h = w + 2. Suppose -h*l + 86 = -3*v, -6 = 2*l - 5*v - 29. What is the remainder when 55 is divided by l?
17
Let z = -67 - -106. Calculate the remainder when 350 is divided by z.
38
Let j(r) = r**3 + 13*r**2 + 14*r + 5. Let i(b) = -2*b**3 - 25*b**2 - 27*b - 9. Let a(d) = 3*i(d) + 5*j(d). What is the remainder when 31 is divided by a(-9)?
15
Calculate the remainder when 14 is divided by (-9)/(-2)*12/9.
2
Suppose -5*d = -7 - 3. What is the remainder when ((-45)/30)/(d/(-108)) is divided by 21?
18
Let n = -114 + 120. What is the remainder when 26 is divided by n?
2
Let d = 11 + -7. Suppose d*z + 24 = 5*z. Calculate the remainder when z is divided by 13.
11
Let z = -26 - -28. Suppose -z*w = -0 - 6, -3*q = -5*w - 99. Calculate the remainder when q is divided by 10.
8
Let l be -3*((-160)/12)/1. Calculate the remainder when ((-14)/5 + 4)*l is divided by 10.
8
Let g(u) = u**3 - 8*u**2 + 9. What is the remainder when g(8) is divided by 6?
3
Suppose 0 = 7*m - 8*m + 8. What is the remainder when 21 is divided by m?
5
Suppose -41 = -p + 14. Suppose -38*z - 42 = -41*z. What is the remainder when p is divided by z?
13
Let s(f) = -f**3 - 7*f**2 - 9*f - 2. Calculate the remainder when s(-7) is divided by 21.
19
Let p(k) = -k**3 - 7*k**2 - 3*k - 10. Suppose -3*q + 18 = -0*m - m, -3*m + 30 = 3*q. Calculate the remainder when p(-7) is divided by q.
4
Suppose -45 = -4*n + 23. Let j(i) = i**3 + 10*i**2 - i - 4. What is the remainder when n is divided by j(-10)?
5
Let r be 12/(-2)*(-2)/6. Let a be (-8)/3*(-3)/r. Suppose 0 = -b + 2*m + m + 19, a*b - 36 = 4*m. What is the remainder when b is divided by 2?
0
What is the remainder when (5 + -3)*44 - 0 is divided by 15?
13
Let h = 29 + -7. What is the remainder when h is divided by 5?
2
Let j(k) = 0*k - 1 + 0*k + k. Calculate the remainder when 12 is divided by j(8).
5
Let q(i) = -i + 6. Let s be q(5). Let l = 35 - 21. Calculate the remainder when l is divided by (2/(-4))/(s/(-10)).
4
Let o(s) = -s + 5. Let k(z) = -3*z - 1. Let q be k(2). What is the remainder when 34 is divided by o(q)?
10
Let k(r) = -r**3 - r**2 + 3*r + 2. Suppose 39 + 56 = 5*c. What is the remainder when c is divided by k(-3)?
8
Let k be 0/(0 - (1 - 3)). What is the remainder when 49 - (k - 1)*1 is divided by 17?
16
Let m(s) = -s**3 - 9*s**2 - 10*s - 3. What is the remainder when 51 is divided by m(-8)?
12
Suppose -5*t + 23 = 3. Suppose -2*x - 1 - 59 = -2*s, -125 = -t*s + 5*x. Calculate the remainder when 73 is divided by s.
23
Suppose -c + m + 39 = 0, -109 = -c - 2*c + m. Calculate the remainder when c is divided by 12.
11
Suppose -3*j + 3 + 3 = 0. Let a be (-93)/(-6) - j/(-4). Suppose -2*y - a = -w + 3, -y + 49 = 4*w. What is the remainder when 25 is divided by w?
12
Let l(i) = -i**2 - 7*i - 2. Let v = 0 + 22. What is the remainder when v is divided by l(-5)?
6
Let w = -2 - -5. Suppose -27 - 9 = -w*g. What is the remainder when 21 is divided by g?
9
Suppose 20 = 3*i + i. Suppose 20 = 5*d + 2*x, 2*x = -d + i*d + 2. What is the remainder when 58 is divided by 3*(120/9)/d?
18
Suppose -4*s + 74 = 34. Calculate the remainder when 44 is divided by s.
4
Let z = -6 + 7. Calculate the remainder when 26 is divided by 16 + (z - -7)/(-4).
12
Suppose 5*p - 8 = 22. Calculate the remainder when 16 is divided by p.
4
Suppose -3*b - 69 = -4*b. Calculate the remainder when b is divided by 14.
13
Suppose 6*m - 4*m - z = 127, -5 = 5*z. What is the remainder when m is divided by 23?
17
Suppose -7 = 2*x - 19. Calculate the remainder when 9 is divided by x.
3
Suppose -w - 3*y = 3*w - 583, 0 = 4*w - 2*y - 558. What is the remainder when w is divided by 37?
31
Let b = 3 - 1. Calculate the remainder when 31 is divided by b/3 - 31/(-3).
9
Suppose 5*u = -4*t + 181, 2*u - u - 2*t - 25 = 0. Calculate the remainder when u is divided by 12.
9
Suppose -4*u = x - 50, -5*u + 96 = -x + 29. Let p(c) = -8*c - 3. Let s be p(4). Let l = s - -73. Calculate the remainder when l is divided by u.
12
Let a(r) = 7*r + 24. Let k be a(-18). Let x = k + 148. Calculate the remainder when x is divided by 17.
12
Let v(f) = f**3 + 13*f**2 + f + 15. Suppose 3*k - 3*t + 57 = 0, -3*t = 2*k + 1 + 42. Calculate the remainder when k/(-6) - 4/(-6) is divided by v(-13).
0
Let z(p) = 16*p**2 - p. Let g be z(-1). Let f = g + -12. Calculate the remainder when 2/8 - 62/(-8) is divided by f.
3
Let a(x) = x**3 + x + 6. Suppose -4*c + 2*v = -54, 4*v = -c + 4*c - 28. Calculate the remainder when c is divided by a(0).
4
Suppose u - 2*y - 21 = 0, u - 2*u = 5*y + 7. Suppose 0*w = -4*w + 100. What is the remainder when w is divided by u?
12
Let h = 3 + -6. What is the remainder when 50 + 2*h/(-3) is divided by 18?
16
Let k be 6*1/((-6)/(-4)). Suppose 4*g = -4*f + 12, -2*g + g - 7 = -k*f. What is the remainder when 1 is divided by g?
0
Let r be ((-14)/(-10) - 2)*-15. Let u = -2 + r. Calculate the remainder when 13 is divided by u.
6
Let p(j) = 2*j + 2. Let m be p(5). Suppose d = -2*u - 13, -4*u = -u + d + 20. Let s = m + u. What is the remainder when s is divided by 2?
1
Let g(a) = -10*a**2 - 10*a + 35. Let k(j) = -7*j**2 - 7*j + 23. Let l(w) = 5*g(w) - 7*k(w). Calculate the remainder when 24 is divided by l(0).
10
Let z = -1 - 11. Let j = -4 - z. Calculate the remainder when 39 is divided by j.
7
What is the remainder when 124 is divided by -6 + 16 + 0 + 4?
12
Let r(f) = -f**2 - 4*f + 25. What is the remainder when r(0) is divided by 10?
5
Let n(j) = -j**2 + j + 2. Let b be n(2). Let a be 10/2 + b + 0. Suppose -a*s + 51 = -2*s. What is the remainder when s is divided by 9?
8
Let h(m) = -3*m + 2. Let c(q) = q - 1. Let u(a) = -4*c(a) - h(a). Calculate the remainder when u(-6) is divided by 3.
2
Suppose 219 = -5*n + 24. Calculate the remainder when n/4*(-5 - -1) is divided by 10.
9
Suppose 7*y = 6*y + 15. Let m(h) = 2*h - 8. Let r be m(7). Let x = r - -53. Calculate the remainder when x is divided by y.
14
Let k(x) = 10*x**2 + 2*x + 1. Let d be k(-1). Suppose d = 5*v - 4*v. What is the remainder when 26 is divided by v?
8
Let y = -93 + 142. Calculate the remainder when y is divided by 26.
23
Suppose -3*n - 1 = 14. Calculate the remainder when 34/8 - (-1)/(-4) is divided by (n - 0)*(-9)/15.
1
Suppose -100 = -5*r + 2*c, 3*c = -4*r + 2*c + 93. Calculate the remainder when 42 is divided by r.
20
Suppose -5*q = b - 91, 5*q + 3*b - 17 = 76. What is the remainder when q is divided by (21/9 - 0)/((-1)/(-3))?
4
Let c(o) = 2*o**2 + 2*o - 17. Calculate the remainder when c(-7) is divided by 35.
32
Let l = -238 + 68. What is the remainder when 23 is divided by -2 + -1 + l/(-10)?
9
Suppose -8*r + 4*r + 3*l = -2, 2*l + 2 = 3*r. Suppose r*d = -9 + 25. Calculate the remainder when 23 is divided by d.
7
Suppose 4*t + 0 = 8. Suppose 4*j = 4*v + 8, v - 4*j + 0 + 8 = 0. Suppose v = -2*u + 9 - 1. Calculate the remainder when u is divided by t.
0
Suppose -47 = 3*q - 131. Suppose 67 = 5*n - q. What is the remainder when -2 - (-2 - 1 - 35) is divided by n?
17
Let c be (-5 + 0)/(2 + -1). Let h = -7 - c. Calculate the remainder when 40 - (h/1 + 1) is divided by 21.
20
Suppose -3*q + 5*q = 356. Calculate the remainder when q is divided by 26.
22
Let